y?
7
Let u(l) = -l**3 + 0*l + l - 1 + l**2 + 3*l**2. Let v be u(2). What is the highest common factor of 72 and v?
9
Let h be (-3 + 0)*1*-1. Suppose 5*n - 16 + 41 = -3*k, 2*n = -5*k - 10. Let o = 6 + n. Calculate the greatest common factor of o and h.
1
Let f(y) = -2*y - 10. Let m be f(-7). Suppose -5*h - 29 = -u, 0*h = m*u - 4*h - 68. What is the highest common factor of u and 14?
14
Let t be (-1)/((-20)/104)*25. Let v = -88 + t. Calculate the highest common factor of 105 and v.
21
Let f(l) = -2*l + 6. Let u be f(-16). Let m = u - 19. Calculate the highest common divisor of 133 and m.
19
Let r(o) = o**2 + o + 12. Let x be r(0). What is the highest common factor of x and 36?
12
Let p(k) = k**3 - 11*k**2 - 3*k - 9. Let g be p(11). Let q = 130 + g. Calculate the greatest common divisor of q and 8.
8
Let b be 3*((-332)/(-12) + -1). Let w = 118 - b. What is the highest common divisor of w and 19?
19
Let q be ((-56)/20 + 2)*-270. What is the greatest common divisor of 24 and q?
24
Let x = 7 - 13. Let a = x - -26. Calculate the highest common factor of a and 8.
4
Let j = -34 - -102. Calculate the highest common factor of j and 8.
4
Let j be 5 - 3 - (-18 - 0). Let t be (-99)/(-10) - (-13)/130. Calculate the greatest common factor of j and t.
10
Suppose -12 = -4*v - 0*v. Suppose -8*j = -5*w - 3*j + 590, 6 = v*j. What is the highest common divisor of 15 and w?
15
Suppose 28 = -4*i + 216. Let c = i + -23. What is the greatest common divisor of c and 8?
8
Let r(b) = b**2 - b - 2. Let j be r(-3). What is the greatest common factor of 110 and j?
10
Let y(f) = 3*f**2 + 13*f - 14. Let u be y(-7). Calculate the greatest common factor of u and 63.
21
Suppose 2*d - 3*g = -481, -5*d - 4*g - 375 = 770. Let p = 338 + d. What is the highest common factor of p and 15?
15
Suppose 2*m - 72 = 5*q, -4*m + 134 = 5*q + 50. Calculate the greatest common divisor of m and 234.
26
Let d be 5*(4 - (2 - 1)). Calculate the highest common divisor of d and 15.
15
Suppose -2*h + 110 = 3*h. Let v = h - 6. What is the greatest common divisor of 16 and v?
16
Let w = 4 - 1. Let t be 296/w + (-6)/9. What is the highest common factor of t and 14?
14
Let p(q) = q**3 - 12*q**2 - 14*q + 6. Let i be p(13). Let z be (-5)/(-7) + (-2)/i. Calculate the greatest common divisor of 5 and z.
1
Let a(f) = 13*f - 1. Let z be a(1). Calculate the greatest common factor of z and 120.
12
Let r be ((-30)/(-12))/(1/4). Let o(y) = y + 40. Let f be o(0). What is the greatest common divisor of f and r?
10
Let o(p) = 4*p + 4. Let v(f) = -3*f - 3. Let n(u) = -2*o(u) - 3*v(u). Let q be n(-11). Let h = 32 + q. Calculate the greatest common divisor of h and 242.
22
Let j(l) = l**3 + 8*l**2 + l - 7. Let m be j(-7). What is the highest common divisor of m and 7?
7
Suppose 5*a = -4*c + 81 + 68, -c = -a - 35. What is the greatest common factor of c and 90?
18
Suppose -5*q = 5*k - 765, 3*q - k = 277 + 198. Let s = q - -10. Let w = -2 + s. Calculate the greatest common factor of 15 and w.
15
Suppose f + 5 - 61 = 0. Calculate the highest common factor of 7 and f.
7
Let o = 13 + -56. Let d = -10 - o. Let b(n) = 4*n - 5. Let q be b(4). What is the greatest common factor of d and q?
11
Suppose z - 13 = 5*g, 2*z = -0*z - g + 26. Suppose 83 + z = t. Suppose -4*c + 2*u = -46, -3*u = u - 4. Calculate the greatest common divisor of t and c.
12
Let d(u) = -u + 1. Let o be d(1). Let j = o + 2. Calculate the highest common divisor of j and 3.
1
Suppose -4*c + 4*d - d = -14, -5*c + 6 = 2*d. Suppose 7*l - 206 = c*l + 2*u, 0 = -2*l - 4*u + 68. What is the highest common divisor of 100 and l?
20
Let x be 58/8 + (-45)/(-60). What is the greatest common divisor of x and 8?
8
Suppose 3*f - 3 = 3. What is the greatest common factor of f and 5?
1
Let m be (1/(-1) - -25)/1. Let q = -6 - -198. Calculate the greatest common divisor of q and m.
24
Let x(s) = 20*s**2 - s. Let o(f) = -f**3 - f**2 + 4*f + 3. Let d be o(-2). Let l be x(d). What is the highest common factor of l and 231?
21
Suppose z + 0*z = 24. Calculate the greatest common factor of 24 and z.
24
Let y(l) = l**3 - 10*l**2 + 8*l - 1. Let n be y(8). Let o = n - -113. What is the highest common factor of o and 12?
12
Let t be (-2 + 2)/(-1) + 14. Calculate the highest common factor of 154 and t.
14
Let n = -6 + 12. Let f = 1 + 17. Calculate the greatest common factor of n and f.
6
Let c = -10 - -182. Suppose 0 = v + 3*k - 63, -4*v + 2*k = -2*k - c. What is the highest common factor of 12 and v?
12
Suppose 19 - 219 = -2*h + 3*p, 0 = 4*h + p - 414. Suppose 429 = 5*x - 346. Let r = x - h. Calculate the greatest common divisor of r and 13.
13
Suppose -4*c = a - 56, 5*c - 2*a - 32 = 25. Let q = 61 - c. What is the greatest common divisor of q and 24?
24
Let s(o) = o**3 + 2*o**2 + 2. Let j be s(-2). Let g be 251/j - (-3)/6. Calculate the highest common factor of 18 and g.
18
Let n be (-34)/(1 + -2) - -2. Let z be (-312)/13*(-1)/2. Calculate the greatest common divisor of n and z.
12
Let o be 3*10/(-15) - -10. What is the highest common factor of o and 12?
4
Let k be -2 - (-1)/(2/236). Suppose k = 2*z - 34. What is the highest common factor of z and 30?
15
Let w = -22 + 73. Calculate the highest common divisor of 17 and w.
17
Let p(z) = z**2 + 13*z - 9. Let h be p(-15). Calculate the greatest common divisor of 105 and h.
21
Suppose 0 = 12*v - 11*v - 50. Calculate the greatest common factor of v and 10.
10
Let w be -4 + -1 + 4/2. Let v be (-30)/(-2) + (w - -2). Suppose -b = -5*b + 5*f + 74, f + 103 = 5*b. What is the greatest common divisor of b and v?
7
Let b(i) = 14*i - 7. Let j be b(-5). Let p = j + 284. Suppose k = -3*a + p, -k = 4*k - 5*a - 1055. Calculate the highest common divisor of k and 21.
21
Suppose -4*c = -3*c - 14. Let u = -22 + 120. What is the greatest common divisor of u and c?
14
Let f(u) = 3*u**2 - 5*u. Let n be f(-4). Let a be 100/2 + 3 + -2. Suppose j = 4*j - a. Calculate the greatest common divisor of n and j.
17
Let i(n) be the first derivative of 11*n**3/3 - 3*n**2/2 - 4*n - 4. Let s be i(-3). Calculate the highest common factor of 26 and s.
26
Let t(z) = 2*z - 15. Let w be t(11). Suppose -2*u - w + 25 = 0. What is the highest common divisor of u and 6?
3
Let n(a) = 11*a - 1. Let u be n(-4). Let c = -6 - u. Suppose 2*j + 3*j = 3*z - 44, 4*z - 49 = -3*j. Calculate the highest common factor of z and c.
13
Suppose -3*d + 177 = -243. What is the greatest common factor of 14 and d?
14
Suppose -1 = z - 31. Let a(h) = -2*h + 3. Let t be a(5). Let d = -1 - t. What is the greatest common divisor of d and z?
6
Let r be 1/4 - 59/(-4). Suppose 0 = -b + 2*b - 5. Let t be 3/b + 6/r. Calculate the greatest common divisor of t and 1.
1
Let d(t) = 18*t**2 + 2*t - 1. Let w = 0 + 2. Let h be d(w). Let f = -47 + 72. Calculate the highest common divisor of f and h.
25
Let x(d) = -11*d**3 - 2*d - 1. Suppose 2*q - q = 10. Suppose -4*u = u + q. Let t be x(u). Calculate the highest common divisor of t and 13.
13
Let j = 30 + -18. Let z be 2 - 1 - (-5 + 9). Let x be 2 - -1 - (-3 - z). Calculate the highest common factor of j and x.
3
Suppose -2*d + 4*d + 5*h - 230 = 0, -2*h = -d + 97. Suppose 0*r - 2*r = -30. What is the greatest common divisor of r and d?
15
Let q = 48 + 17. Calculate the highest common factor of q and 26.
13
Let r = -21 - -12. Let d be 3/r + (-4)/(-3). Calculate the greatest common divisor of d and 3.
1
Let d(t) = 36*t + 2. Suppose -p = -4*p - 6. Let u be d(p). Let l be 0/((-2)/(-2)) - u. What is the greatest common factor of 28 and l?
14
Let b(h) = -h - 1. Let g be b(-9). Let v be 111/2 - (-4)/g. Calculate the greatest common divisor of v and 14.
14
Suppose d - 20 - 19 = 0. Suppose d = 5*x - 86. What is the highest common factor of x and 5?
5
Suppose 0 = -3*k + 4*k - 96. Calculate the greatest common factor of k and 128.
32
Let l(m) = 13*m**2 + m - 1. Let n be l(1). Calculate the highest common divisor of n and 91.
13
Suppose 2*y = -2*a + 20, 4*y = a - 4 + 19. What is the greatest common factor of a and 7?
1
Let g(p) = -6*p + 2. Let c be g(-1). Calculate the highest common factor of 1 and c.
1
Let u = 56 + 14. What is the highest common divisor of 28 and u?
14
Let y(v) = v**3 - 3*v**2 - 3*v + 7. Let q be y(4). Calculate the greatest common factor of 44 and q.
11
Let j be 